t are the prime factors of 2729361?
3, 909787
List the prime factors of 530676.
2, 3, 14741
List the prime factors of 652076.
2, 163019
List the prime factors of 192155.
5, 38431
What are the prime factors of 338326?
2, 139, 1217
List the prime factors of 1448403.
3, 11, 43891
What are the prime factors of 2691692?
2, 19, 107, 331
List the prime factors of 456285.
3, 5, 19, 1601
What are the prime factors of 361593?
3, 40177
List the prime factors of 412291.
11, 37, 1013
What are the prime factors of 10093715?
5, 71, 28433
What are the prime factors of 331405?
5, 79, 839
What are the prime factors of 14924593?
14924593
List the prime factors of 51035.
5, 59, 173
List the prime factors of 1633015.
5, 47, 6949
List the prime factors of 649560.
2, 3, 5, 5413
What are the prime factors of 5875032?
2, 3, 61, 4013
List the prime factors of 783943.
641, 1223
List the prime factors of 2281098.
2, 3, 47, 8089
List the prime factors of 36452620.
2, 5, 89, 20479
List the prime factors of 989984.
2, 30937
What are the prime factors of 266472?
2, 3, 3701
List the prime factors of 652334.
2, 61, 5347
What are the prime factors of 8941634?
2, 13, 331, 1039
List the prime factors of 12310552.
2, 331, 4649
List the prime factors of 671207.
47, 14281
What are the prime factors of 161490?
2, 3, 5, 7, 769
List the prime factors of 7803566.
2, 19, 205357
List the prime factors of 4062132.
2, 3, 53, 2129
List the prime factors of 214988.
2, 71, 757
What are the prime factors of 865253?
865253
List the prime factors of 866540.
2, 5, 37, 1171
List the prime factors of 1249992.
2, 3, 643
List the prime factors of 8533240.
2, 5, 383, 557
List the prime factors of 6214732.
2, 101, 15383
What are the prime factors of 2918035?
5, 307, 1901
What are the prime factors of 978653?
13, 83, 907
What are the prime factors of 24566254?
2, 23, 534049
List the prime factors of 4371957.
3, 19, 37, 691
What are the prime factors of 2198296?
2, 274787
List the prime factors of 912239.
912239
What are the prime factors of 12172244?
2, 7, 23, 41, 461
What are the prime factors of 23723772?
2, 3, 17, 116293
What are the prime factors of 2421804?
2, 3, 7, 11, 2621
What are the prime factors of 267780?
2, 3, 5, 4463
List the prime factors of 11072507.
11072507
List the prime factors of 1138943.
13, 79, 1109
What are the prime factors of 1009381?
179, 5639
List the prime factors of 284553.
3, 1171
List the prime factors of 11172755.
5, 11, 203141
List the prime factors of 247180.
2, 5, 17, 727
List the prime factors of 4604576.
2, 37, 3889
What are the prime factors of 261046?
2, 130523
What are the prime factors of 3400280?
2, 5, 13, 503
What are the prime factors of 1302453?
3, 48239
What are the prime factors of 9079407?
3, 29, 43, 809
List the prime factors of 4318622.
2, 7, 11, 29, 967
List the prime factors of 8889352.
2, 1111169
What are the prime factors of 100169?
100169
List the prime factors of 193324.
2, 17, 2843
What are the prime factors of 6070458?
2, 3, 709, 1427
What are the prime factors of 2145682?
2, 7, 11, 13933
List the prime factors of 352017.
3, 39113
List the prime factors of 25296974.
2, 37, 341851
What are the prime factors of 244899?
3, 27211
What are the prime factors of 1860399?
3, 421, 491
What are the prime factors of 181654?
2, 11, 23, 359
List the prime factors of 2558553.
3, 852851
What are the prime factors of 6996705?
3, 5, 157, 2971
What are the prime factors of 53719?
53719
List the prime factors of 996573.
3, 332191
List the prime factors of 5631599.
5631599
What are the prime factors of 320030?
2, 5, 32003
What are the prime factors of 10360143?
3, 23, 67, 83
List the prime factors of 792942.
2, 3, 132157
What are the prime factors of 279909?
3, 7, 1481
What are the prime factors of 10021353?
3, 23, 311, 467
List the prime factors of 227234.
2, 7, 16231
List the prime factors of 1015722.
2, 3, 73, 773
List the prime factors of 17080091.
7, 941, 2593
List the prime factors of 669544.
2, 127, 659
What are the prime factors of 9780333?
3, 3260111
What are the prime factors of 1575352?
2, 196919
List the prime factors of 17487297.
3, 53, 61, 601
List the prime factors of 644817.
3, 214939
List the prime factors of 678973.
71, 73, 131
List the prime factors of 148994.
2, 23, 41, 79
List the prime factors of 31548.
2, 3, 11, 239
List the prime factors of 1119785.
5, 281, 797
What are the prime factors of 155659?
7, 37, 601
List the prime factors of 13232.
2, 827
List the prime factors of 380619.
3, 37, 127
What are the prime factors of 2065034?
2, 19, 31, 1753
What are the prime factors of 250789?
7, 11, 3257
List the prime factors of 16747338.
2, 3, 71, 39313
What are the prime factors of 1934128?
2, 7, 2467
List the prime factors of 147690.
2, 3, 5, 547
What are the prime factors of 3813867?
3, 423763
List the prime factors of 792309.
3, 7, 29, 1301
What are the prime factors of 1317607?
37, 149, 239
What are the prime factors of 998104?
2, 17, 41, 179
List the prime factors of 1045051.
7, 23, 6491
List the prime factors of 4308250.
2, 5, 19, 907
List the prime factors of 157662.
2, 3, 19, 461
What are the prime factors of 7424106?
2, 3, 101, 12251
What are the prime factors of 208903?
317, 659
List the prime factors of 4358552.
2, 11, 49529
What are the prime factors of 4070599?
13, 17, 113, 163
What are the prime factors of 149161?
149161
What are the prime factors of 4846396?
2, 1211599
List the prime factors of 5105584.
2, 11, 29009
List the prime factors of 6073779.
3, 277, 7309
What are the prime factors of 356075?
5, 14243
What are the prime factors of 472584?
2, 3, 7, 29, 97
What are the prime factors of 392623?
7, 11, 5099
List the prime factors of 194425.
5, 7, 11, 101
What are the prime factors of 19661843?
17, 31, 37309
List the prime factors of 245425.
5, 9817
List the prime factors of 28330416.
2, 3, 196739
List the prime factors of 225457.
225457
List the prime factors of 400782.
2, 3, 66797
List the prime factors of 200014.
2, 97, 1031
List the prime factors of 6898132.
2, 37, 127, 367
What are the prime factors of 3217799?
13, 127, 1949
List the prime factors of 1859721.
3, 31, 19997
What are the prime factors of 27252968?
2, 31, 109891
What are the prime factors of 7892437?
7, 17, 29, 2287
List the prime factors of 22230987.
3, 7410329
List the prime factors of 553908.
2, 3, 31, 1489
What are the prime factors of 81812?
2, 113, 181
List the prime factors of 7752003.
3, 7, 369143
List the prime factors of 1869314.
2, 37, 25261
What are the prime factors of 12741771?
3, 7, 199, 3049
List the prime factors of 23588589.
3, 7862863
What are the prime factors of 94151?
94151
List the prime factors of 8036180.
2, 5, 401809
List the prime factors of 3301061.
421, 7841
List the prime factors of 776313.
3, 86257
List the prime factors of 966627.
3, 35801
List the prime factors of 15456112.
2, 7, 59, 2339
List the prime factors of 446748.
2, 3, 59, 631
What are the prime factors of 2255821?
2255821
What are the prime factors of 1995577?
29, 68813
What are the prime factors of 2268319?
2268319
What are the prime factors of 17092194?
2, 3, 7, 29, 14033
What are the prime factors of 1495033?
197, 7589
What are the prime factors of 7972177?
31, 229, 1123
List the prime factors of 206626.
2, 7, 14759
List the prime factors of 17872222.
2, 997, 8963
What are the prime factors of 11522450?
2, 5, 230449
List the prime factors of 1640896.
2, 25639
What are the prime factors of 2886549?
3, 17, 56599
What are the prime factors of 44740?
2, 5, 2237
List the prime factors of 514069.
439, 1171
What are the prime factors of 582459?
3, 31, 6263
What are the prime factors of 271778?
2, 13, 10453
List the prime factors of 6652725.
3, 5, 107, 829
List the prime factors of 363834.
2, 3, 17, 29, 41
List the prime factors of 103281.
3, 173, 199
List the prime factors of 9365881.
7, 1337983
What are the prime factors of 13841941?
13841941
What are the prime factors of 14075468?
2, 11, 319897
What are the prime factors of 15609255?
3, 5, 113, 9209
What are the prime factors of 18621881?
19, 23, 43, 991
What are the prime factors of 942858?
2, 3, 7, 1069
What are the prime factors of 3450635?
5, 690127
List the prime factors of 4563578.
2, 2281789
List the prime fact